
Let o be 2/(-6) - (-12)/9. Suppose s - 1 = 3*v + o, -3*v = s - 2. Let u(g) = -s - 5 - g + 19 - 9. What is u(7)?
-4
Let u(k) = k**3 - 2*k**2 - 4*k + 2. Let h be -1*2 - (-2 + 0). Let p = -187 + 191. Suppose -p*x + 0*x + 12 = h. Calculate u(x).
-1
Let z(h) = -h**2 - 19. Let n(w) = -5*w**2 - 2*w - 212. Let l(k) = n(k) - 6*z(k). What is l(-9)?
1
Let s(u) = -11*u - 29. Let v be s(-4). Let h(y) = -36*y**2 + 1 + 22*y**2 - 4*y + v*y**2. Determine h(5).
6
Let k(c) = c**2 + 2*c - 2. Let f be (-40)/(-32)*4 + -8. Determine k(f).
1
Let d(w) be the second derivative of -w**3/6 - 4*w**2 + 8*w - 8. Let k = 22 - 14. What is d(k)?
-16
Let j = -1844 - -1854. Let y(w) = w**2 - 15*w + 54. Calculate y(j).
4
Let h(p) be the third derivative of -p**5/20 - p**4/12 - p**3/6 - 2*p**2. Let u(m) = 3*m + 16. Let n be u(-7). Let c(k) = -5*k - 26. Let o be c(n). Give h(o).
-2
Suppose 0 = -4*u + o - 0*o - 93, 5 = 5*o. Let n = u + 27. Suppose -10 = 2*r + 4*t, n*r - 20 = t + t. Let g(w) = -6*w + 4. Give g(r).
-14
Suppose -11*z = -9*z - 8. Suppose -4*g + 16 + 8 = 4*v, 0 = -3*v - 5*g + 26. Let m(f) = f + v*f - 6*f + 2*f - 1. Determine m(z).
-5
Suppose -7*s + 22*s = -29*s + 44. Let b(g) = 20*g**3 + 2*g**2 + 6*g - 7. Give b(s).
21
Suppose -695*s = -818*s. Let i(x) = 11*x + 55. Calculate i(s).
55
Let m(v) be the second derivative of -1/6*v**3 + 17/2*v**2 - 109*v + 0. Calculate m(16).
1
Let t(y) = -5*y**2 - 4*y - 3. Let n(v) = 2*v - 5. Let s be n(5). Let h be 8 + 190/(-25) + 8/s. Suppose d + h*d - 4*k - 6 = 0, -3*d - k = 9. What is t(d)?
-15
Let v(a) = a**2 + 4*a - 5. Let c(x) = 3*x - 21. Let k be c(9). Let t be ((-12)/(-5))/(k/15). Let d(u) = -u**3 + 8*u**2 - 13*u. Let b be d(t). Calculate v(b).
7
Let n(d) = -d**2 - 14*d + 8. Let o(a) = a**2 + 39*a - 333. Let f be o(-46). Give n(f).
41
Suppose 28*i + 7 = 27*i. Let x(m) = m**3 + 8*m**2 + 2*m + 11. Calculate x(i).
46
Let v(a) = -5*a + 1. Let j(q) = 2*q**3 - 11*q**2 - 42. Let l be j(6). What is v(l)?
31
Let u(n) = n + n - n + 0. Suppose -5*c - 60 = 5*x, 5*c - 9*c = 16. Let s = 14 + x. Give u(s).
6
Let t(z) = 1. Let w(l) be the second derivative of -l**3/6 + 9*l**2/2 + 2*l. Let i be 0 + (-2 - (-28)/4). Let n(r) = i*t(r) - w(r). Calculate n(3).
-1
Let n(q) = q - 11. Let b(y) = -y**2 - 7*y + 7*y - 54 + 2*y**2 + 4*y + 11*y. Let w be b(3). Give n(w).
-11
Let k(v) = 8*v. Suppose -66*l = -70*l + 28. Suppose -l*w + 2*w = 500. Let j = -101 - w. Calculate k(j).
-8
Suppose -1032 = 3*g + 9*g. Let q = g + 90. Let s(a) = a**3 - 2*a**2 - 2*a - 2. Give s(q).
22
Let a(k) = 2*k**2 + 5*k - 2. Let w be 4*((-1)/2)/(3/6). Let n be (-39)/(-12) + -3 - (-17)/w. Determine a(n).
10
Let a(y) = 5*y - 12. Let w(x) = x**3 + 7*x**2 - 15*x - 13. Let h be w(-9). Let j be (-3 + 36/20)/(6/h). Give a(j).
28
Suppose 5*t - 28 = 2. Let w(h) = 116*h - 20. Suppose -3*o = 46*o + 147. Let k(y) = 22*y - 4. Let d(r) = o*w(r) + 16*k(r). What is d(t)?
20
Let x(z) be the third derivative of 0 - 2/3*z**3 + 7*z**2 + 0*z + 7/24*z**4 - 1/10*z**5 + 1/120*z**6. Suppose 261*b = 251*b + 50. Calculate x(b).
6
Let z(w) = 24*w + 5. Let m(u) = 74*u + 15. Let a(y) = -2*m(y) + 7*z(y). Determine a(4).
85
Let n(y) be the second derivative of -y**5/20 + y**4/3 + 5*y**3/6 - y**2/2 - 1184*y. Calculate n(5).
-1
Let o be ((-14)/5 - -2)/(4/10). Let c be -2 + 1 + 1 + o. Let s(m) = 2*m - 1. Let f(h) = 10*h - 6. Let x(q) = 3*f(q) - 16*s(q). Calculate x(c).
2
Let d(m) = 33*m + 1482. Let r be d(-45). Let n(u) = -u**3 - u**2 + 2*u - 6. What is n(r)?
6
Suppose 109 + 707 = 4*c. Let b = 203 - c. Let n(d) = -4*d**3 - 2*d**2 - 2*d - 1. What is n(b)?
3
Let l(p) = -p + 5. Let o(j) = -2*j**2 - 29*j + 18. Let q = -158 - -143. Let n be o(q). Determine l(n).
2
Let j(m) = m**3 - 9*m**2 + 2*m. Let f(h) = -4*h**2 - 105*h - 676. Let r be f(-12). Determine j(r).
-48
Let r(a) = -4*a**2 + 8 - 7*a + 0 + 5*a**2 - 5 + 13. What is r(4)?
4
Let o = -27/194 + 151/388. Let f(b) be the first derivative of 6*b - o*b**4 + b**2 + 4/3*b**3 + 10. Calculate f(5).
-9
Let m = -512 - -505. Let u be 42/(18/(-3))*1/m. Let o(g) = 95*g**3 + g + 16. Let l(a) = -19*a**3 - 3. Let n(z) = -11*l(z) - 2*o(z). Calculate n(u).
18
Let t = 471735 - 471736. Let k(h) = 6*h - 3*h + 6*h**3 + 2 - 3*h**3. What is k(t)?
-4
Let v(j) = j**3 - 21*j**2 + 45*j - 42. Let q be v(19). Let r = q + -96. Let k(u) = -u**3 - 6*u**2 - 4*u - 4. What is k(r)?
-9
Let t(u) = -909*u + 453*u - u**3 - 6*u**2 + 453*u + 8. Suppose -5*r + 0*r - 30 = 0. Calculate t(r).
26
Suppose -572 = -2*r - 11*r. Suppose 4*y = -2*t - 52, 5*y + 12 = 2*t - r. Let m(l) = -l**2 - 11*l + 16. What is m(y)?
4
Let x(k) = -k**2 - 8*k - 10. Let j = 435 - 692. Let i = j + 125. Let g = -139 - i. Calculate x(g).
-3
Let h = -2 + 4. Let r(w) = 5*w**h + w - 3*w**2 + 3*w**2 - 2. Suppose -2*l - 12 = -12*j + 16*j, -3*l - 14 = 4*j. Determine r(j).
16
Let z(k) = k + 6. Let f(c) = -17*c + 3. Let n be f(0). Suppose -x + 3*u + 4 = -n*x, 3*x = 4*u - 40. Give z(x).
-2
Let t be 81/(-12) - 498/1992. Let y(i) = 7*i**3 + 14*i**2 + 6*i - 9. Let b(m) = 15*m**3 + 29*m**2 + 12*m - 19. Let f(p) = 6*b(p) - 13*y(p). What is f(t)?
-4
Suppose -9*b + 215 = 53. Let w(g) = -1 + 20*g**2 + 0*g**3 + 2 + g - g**3 - b*g**2. Give w(3).
-5
Suppose 13*j + 994 = -j. Let o = 62 + j. Let n(p) = 7 - 2 - 8*p**2 - p**3 - 1 + 7 + 11*p. Calculate n(o).
-7
Let h = -5 + 1. Let o(a) = 14 + 25 - 75 + 17 + a + 17. Give o(h).
-6
Let l(i) be the first derivative of i**4/4 - 8*i**3/3 + 2*i**2 + 27*i + 304. Let t be l(7). Let o(c) = 5*c - 6. Calculate o(t).
24
Let u(f) = 449*f - 2*f**2 + 355*f - 39 - 821*f. What is u(-4)?
-3
Let g(i) = -633*i**3 + 10*i**2 - 640*i**3 + 1272*i**3 + 2*i - 15. Determine g(10).
5
Let h be 4 - (-9)/((-99)/88). Let i(o) be the third derivative of o**4/8 - o**2. Determine i(h).
-12
Let x(l) = 6 + 14777*l - 14772*l - 234. Determine x(43).
-13
Let q(r) = 2*r**2. Let c = 14 + -12. Let x(i) = -24*i**2. Let f(s) = c*x(s) + 21*q(s). What is f(-1)?
-6
Suppose 0 = w, -3*b + 0*b + 5*w + 30 = 0. Let r be (-80)/(-250)*20 + (-4)/b. Let x(i) = i**3 - 4*i**2 - 6*i - 1. Calculate x(r).
35
Suppose -2*l = 3*n - 17, -2*l = 5*n - 12 - 11. Let y(w) = -n*w**2 - 102*w + 53*w + 3 + 47*w. Let p(r) = r**3 + 7*r**2 + 7*r + 8. Let q be p(-6). Give y(q).
-13
Let n(d) = 221*d**2 - 459*d**2 + 207*d**2 - d + 0*d. What is n(1)?
-32
Let f(c) be the first derivative of -c**6/120 + c**5/30 + c**3/2 + c**2 + 1. Let i(n) be the second derivative of f(n). Suppose -58*w = 6231 - 6405. Give i(w).
-6
Let x(i) be the second derivative of -i**3/3 + 26*i**2 + 2*i + 19. Determine x(31).
-10
Let y(c) be the third derivative of -c**5/30 - 4*c**4/3 - 39*c**3/2 - 61*c**2 + 40. Calculate y(-6).
3
Suppose 5*m - 3 = z, 5*z - 14 = -3*m - 1. Let v(u) = 8*u**2 + 3*u - 3. Give v(z).
35
Let p(w) be the third derivative of w**5/30 - 3*w**4/8 + 11*w**3/6 - 256*w**2. Give p(3).
2
Let m(l) = 1 - 2*l + 23*l**3 - 24*l**3 - 4*l**2 + 2*l. Let v(c) be the third derivative of c**4/24 - 7*c**3/3 + 33*c**2. Let j be v(10). Determine m(j).
1
Let b(t) = -5*t**3 - 153*t**2 - 230*t + 48. Let y be b(-29). Let d(f) = 2*f**2 + 24*f + 25. Calculate d(y).
-15
Let f(s) be the second derivative of 3*s**5/5 + s**4/6 + s**3/3 + s**2/2 - s. Let m be 15/(-18) + (-1109)/(-6). Let j = m + -185. Calculate f(j).
-11
Let a(p) = 30*p**2 + 1. Let v be ((-146)/(-36) - (-12)/(-3))*-3*-6. Give a(v).
31
Let t(y) = 2*y**3 - 8*y**2 + 4*y + 13. Let c(j) = -j - 6*j + j**3 + 6*j + 2*j**2 + 1 - 3*j**2. Let d(s) = 3*c(s) - t(s). Determine d(-6).
-4
Suppose 7 = -4*x - 25. Let q = -651 - -655. Let v(w) = -q - 4 - 2 - 8*w**2 + w - w**3 - 3*w. Determine v(x).
6
Let b(y) = -7*y**2 + 2*y + 2. Suppose 0 = -42*n + 20 + 64. Give b(n).
-22
Let p(t) be the third derivative of t**6/120 + t**5/3 + 3*t**4/4 + 13*t**3/3 - 5585*t**2. Give p(-19).
45
Let n(x) = 15*x**2 + 91 - 2*x + 0*x - 28*x**3 + 27*x**3 + 9*x**2 + 18*x**2. What is n(42)?
7
Let g be (-60)/(-16) - (70/56)/(-5). Let j(i) = i**3 - 5*i**2 - 5*i + 3. Determine j(g).
-33
Let i be (-2)/15 - 7192/60. Let r = -125 - i. Let g(z) = -z**2 - 5*z + 1. Give g(r).
1
Let b(h) = -h**2 + 6*h - 10. Let g(d) = d**2 - 7*d - 13. Let a be g(-3). Suppose 9*j = a + 28. Let s be b(j). Let r(f) = -2*f**2 - 5*f - 1. Determine r(s).
-26
Let z(j) = 13*j**2 + 25*j - 77. Let f(x) = 5*x**2 + 8*x - 26. Let i(w) = -8*f(w) + 3